{"id":14,"date":"2024-07-28T18:49:58","date_gmt":"2024-07-28T23:49:58","guid":{"rendered":"http:\/\/localhost\/?page_id=14"},"modified":"2025-09-11T18:21:30","modified_gmt":"2025-09-11T23:21:30","slug":"hasta-el-ano-sin-fin","status":"publish","type":"page","link":"https:\/\/www.carvajal.com\/120\/hasta-el-ano-sin-fin\/","title":{"rendered":"Nuestra filosof\u00eda"},"content":{"rendered":"\n<div class=\" relative w-full\">\n\n  \n  <section\n    class=\"block_grid_cards movil:pt-32  relative \"\n    id=\"\"\n    style=\"padding: 9.3rem 0;margin: 0\"\n  >\n    <div class=\"\">      <!-- title -->\n      <div class=\"flex flex-col\">\n          <div class=\"title-container   title-theme box_container_seventy\">\n    <div class=\"flex items-start gap-3\">\n            <h2 class=\" secondary-font-bold font-size-xl text-primary \" style=\"\"\">Nuestro inter\u00e9s genuino por las personas es la filosof\u00eda que nos ha acompa\u00f1ado de manera coherente desde nuestros or\u00edgenes. \u00a1Somos una organizaci\u00f3n de personas!<\/h2>    <\/div>\n      <\/div>\n     \n        <!-- title -->\n\n          \n      <\/div><div class=\"absolute top-0 w-full bg-primary200 -z-10 rounded-b-[4rem] h-[32rem]\">\n<\/div>\n<div class=\"pt-16 px-16 movil:px-0 grid grid-cols-4 movil:grid-cols-3 gap-4 movil:gap-0.5 content\">\n      <\/div>\n\n\n    <\/div>\n  <\/section>\n<\/div>","protected":false},"excerpt":{"rendered":"","protected":false},"author":1,"featured_media":0,"parent":0,"menu_order":0,"comment_status":"closed","ping_status":"closed","template":"","meta":{"footnotes":""},"class_list":["post-14","page","type-page","status-publish","hentry"],"acf":[],"_links":{"self":[{"href":"https:\/\/www.carvajal.com\/120\/wp-json\/wp\/v2\/pages\/14","targetHints":{"allow":["GET"]}}],"collection":[{"href":"https:\/\/www.carvajal.com\/120\/wp-json\/wp\/v2\/pages"}],"about":[{"href":"https:\/\/www.carvajal.com\/120\/wp-json\/wp\/v2\/types\/page"}],"author":[{"embeddable":true,"href":"https:\/\/www.carvajal.com\/120\/wp-json\/wp\/v2\/users\/1"}],"replies":[{"embeddable":true,"href":"https:\/\/www.carvajal.com\/120\/wp-json\/wp\/v2\/comments?post=14"}],"version-history":[{"count":14,"href":"https:\/\/www.carvajal.com\/120\/wp-json\/wp\/v2\/pages\/14\/revisions"}],"predecessor-version":[{"id":1104,"href":"https:\/\/www.carvajal.com\/120\/wp-json\/wp\/v2\/pages\/14\/revisions\/1104"}],"wp:attachment":[{"href":"https:\/\/www.carvajal.com\/120\/wp-json\/wp\/v2\/media?parent=14"}],"curies":[{"name":"wp","href":"https:\/\/api.w.org\/{rel}","templated":true}]}}